+ s. List the prime factors of k.
2, 3
Suppose -m + 0*w + 224 = -w, 5*w = -20. What are the prime factors of m?
2, 5, 11
Suppose 5*k - r - 621 = 0, 4*k - r - 501 = 4*r. Let z = -75 + k. What are the prime factors of z?
7
Let i = -149 - -155. Suppose -i = -a + 14. What are the prime factors of a?
2, 5
Let m(v) = -v + 1. Let x(u) = 19*u + 9. Let w(n) = 4*m(n) - x(n). What are the prime factors of w(-4)?
3, 29
Suppose 0 = 3*w - 5*l - 16721, 0 = -3*w + l - 1583 + 18312. What are the prime factors of w?
3, 11, 13
Suppose 2*v - d + 2 = -2*v, 8 = 2*v + 4*d. Suppose v = 5*q - 21 + 1. Suppose -4*w = -5*c - 137, -7*c - 29 = -w - q*c. List the prime factors of w.
2, 19
Suppose -4*c - b + 327 = 80, 0 = 5*c + b - 310. What are the prime factors of c?
3, 7
Let o(q) = 3*q + 4. Let s(k) = 3*k + 4. Suppose -3*f = f + 20. Let r(a) = f*s(a) + 6*o(a). What are the prime factors of r(2)?
2, 5
Let p = 165 + -233. Let l = p - -116. Suppose -4 = -o + 5*r, -o + 3*r + l = 2*o. List the prime factors of o.
19
Let b(m) = m**3 + m**2 - 2*m. Let w be b(-2). Suppose 2*f + f - 177 = w. List the prime factors of f.
59
Suppose q - 12 = -2*q. Suppose 3*r + q*n + 14 = -0*r, 3*r - 11 = n. Suppose r*o = -u + 14, 27 = 2*o + o + 3*u. List the prime factors of o.
5
Let l = 10 - 3. Let i(a) = l - 6 - a - 1 + 9. What are the prime factors of i(7)?
2
Let x(c) = -c - 1. Let d be x(2). Let u be d + (-5)/((-5)/3). Suppose 5*k + 36 - 146 = u. List the prime factors of k.
2, 11
Let q(g) be the first derivative of 3*g**4/4 - g**3/3 + g**2/2 - g - 3. Let w be q(1). Suppose 0 = -w*h + h + 50. What are the prime factors of h?
2, 5
Suppose -30*b - f - 4096 = -34*b, 5*b = 5*f + 5105. List the prime factors of b.
5, 41
Suppose 415 = 2*g - 57. Let n = g + -33. What are the prime factors of n?
7, 29
Let v = -152 + 384. What are the prime factors of v?
2, 29
Let l be (-2)/(-3) - 6/9. Suppose l*d + 6 = d. Suppose 0 = 4*p - 2*z - 54, d*z = -3*p + 3*z + 18. List the prime factors of p.
11
Let b be (0/(-2))/(-9 - -8). Let i be (-3)/(-18)*3*26. Suppose 65 = 4*g - 5*r, b = g + r - i - 10. What are the prime factors of g?
2, 5
Let h be 25/(-8) + (-24)/(-192). Let j(k) = 23*k**2 + 9*k + 7. List the prime factors of j(h).
11, 17
Let h = 1589 - -27. What are the prime factors of h?
2, 101
Suppose 2*u - 21*u = -2964. List the prime factors of u.
2, 3, 13
Let m(a) = -a**3 + a**2 - 2*a - 1. Let s be m(-2). Suppose -3*b + 0*b = -s. Suppose -b*r - 2*g = -35, -3*g - 7 = -r - 2*g. List the prime factors of r.
7
Suppose 0*x = -3*x + 828. What are the prime factors of (x/(-8))/(1*9/(-12))?
2, 23
Let p be 3 + (-1340)/(-36) - (-12)/(-54). Suppose -47 = -u + p. List the prime factors of u.
3, 29
Let t(v) = -187*v + 88. What are the prime factors of t(-6)?
2, 5, 11
Suppose 4*o - 20 = -4*k, 7*o - 2*o - 19 = -3*k. Suppose -30 = -6*p + k*p - 2*m, -4*m = 12. Let y = p - 2. What are the prime factors of y?
2, 5
Let h(y) = -246*y + 79. What are the prime factors of h(-4)?
1063
Let t(q) = q + 6*q - 10*q. Let o = -2 + -4. List the prime factors of t(o).
2, 3
Let k(v) = v + 1. Let d be k(-3). Let u(q) = -8*q + 1. Let p be u(d). Suppose -20 = 4*b, 2*b - b + p = g. List the prime factors of g.
2, 3
Suppose -4*t + 4*z = -9192, -4*z - 11035 - 458 = -5*t. What are the prime factors of t?
3, 13, 59
Let f = 13 - 7. List the prime factors of 3/27*3 - (-232)/f.
3, 13
Let a = -677 - -778. List the prime factors of a.
101
Let m(o) = 53*o - 114. List the prime factors of m(21).
3, 37
Let f(g) = -2*g - 19. Let h(s) = -s - 9. Let w(v) = -6*f(v) + 13*h(v). Let l be w(7). Let z = 15 - l. What are the prime factors of z?
5
Let h(z) = -9*z**2 - 2*z - 46. Let u(m) = -5*m**2 - m - 23. Let v(o) = -6*h(o) + 11*u(o). Let w be v(0). Let y = 36 - w. List the prime factors of y.
13
Let v(s) be the third derivative of -s**4/4 + 2*s**3/3 - 2*s**2. Suppose 8*d + 6 + 10 = 0. List the prime factors of v(d).
2
Suppose -251 = -w + 60. Let t = 522 - w. List the prime factors of t.
211
Suppose 0 = -5*j + 3*j + 8. Suppose 5*d - q = d + 88, -j*d = 2*q - 88. List the prime factors of d.
2, 11
What are the prime factors of (-12755)/(-3) + ((-220)/33 - -6)?
3, 13, 109
Let m be 369/54 + ((-14)/12)/(-7). Suppose 313 - 75 = m*b. What are the prime factors of b?
2, 17
Let s = 2166 + -1155. What are the prime factors of s?
3, 337
Suppose -v - 5*z + 2058 = 0, -2*v - 9*z + 4092 = -5*z. List the prime factors of v.
2, 1019
Suppose -2*h - 2*h + 739 = 3*j, 5*j - 2*h = 1223. What are the prime factors of j?
5, 7
Let v = -87 - 13. What are the prime factors of (-12)/3 + v/(-2)?
2, 23
Let a(g) = 6*g + 193. What are the prime factors of a(16)?
17
Suppose -3*v = 2*g - 10, -5*g + 2*v - 31 + 37 = 0. What are the prime factors of g?
2
Suppose 88 = 2*w + 3*z, 5*w + 82 = -2*z + 280. Let a = -17 + w. What are the prime factors of a?
3, 7
Let a(x) be the third derivative of -x**6/120 + x**5/30 + x**4/8 + 163*x**3/6 + 15*x**2. List the prime factors of a(0).
163
What are the prime factors of 2278/5 + (-6)/(-15)?
2, 3, 19
Let o = 218 - 186. What are the prime factors of o?
2
Suppose -2099 = -5*t + 656. List the prime factors of t.
19, 29
Let x = -4 - 0. Suppose 0 = -5*p - 5*t + 35, 4*p + p = -2*t + 20. List the prime factors of (p + x)*6/(-4).
3
Suppose -3*u - 558 = -h, -4*u = -2*h + 1402 - 290. What are the prime factors of h?
2, 3, 23
Suppose -3*h + 2*h + 3*x = 3, 2 = -2*h + 4*x. Suppose -2*w + 238 = h*b - 171, -688 = -5*b + 3*w. What are the prime factors of b?
137
Let f(y) = -260*y**2 - 4 - 2*y**3 + 6*y + 256*y**2 - 4*y. What are the prime factors of f(-4)?
2, 13
Let j be (-19)/114 + 2293/6 + -1. Let a = j + -240. List the prime factors of a.
3, 47
Let s(q) = -159*q + 25. What are the prime factors of s(-1)?
2, 23
Let s = 331 - -532. What are the prime factors of s?
863
Let s(y) be the second derivative of -y**5/5 - y**4/3 - 2*y**3/3 - 3*y**2/2 - y - 13. Let m = -7 - -5. What are the prime factors of s(m)?
3, 7
Let u(s) be the first derivative of 2*s**2 - 3*s + 11. Let k be u(1). Suppose 2*a = k + 11. What are the prime factors of a?
2, 3
Let j = -12 + 18. Suppose j*i - 2*i = 0. Suppose 5*l - 5*d - 160 = i, 0 = l + 4*d - 2*d - 20. What are the prime factors of l?
2, 7
Let q(h) = 13*h**3 - 2*h**2 + 3*h - 19. What are the prime factors of q(4)?
13, 61
Let y(a) = a**3 + 14*a**2 - 17*a - 22. Let r be y(-15). Suppose -84 = -r*x + 5*x. List the prime factors of x.
2, 7
Suppose -11 + 191 = -5*b. Let h be 1/(-5) - b/5. Suppose h*t = 2*t + 30. What are the prime factors of t?
2, 3
Suppose 5*s = -3*d + 3857, 5*d = -0*d - s + 6421. List the prime factors of d.
2, 3, 107
Let g(k) = 8*k**2 + 10*k - 56. List the prime factors of g(-13).
2, 11, 53
Suppose 5049 - 60282 = -51*g. List the prime factors of g.
3, 19
Let i = 166 + 67. Suppose -4*d = -5*q + 394, i = -q + 4*q + d. What are the prime factors of q?
2, 3, 13
Let y be 12*(-3 + ((-51)/(-4) - 3)). Let u = -10 + y. List the prime factors of u.
71
Suppose -21*o + 15*o + 4212 = 0. Suppose 0 = 2*y + 4*g - 544, -2*y - 158 + o = -3*g. List the prime factors of y.
2, 17
Let b(g) = -g. Let m(t) = t**3 + 7*t**2 - 13*t - 3. Let k(q) = -3*b(q) + m(q). Let j = -56 - -48. What are the prime factors of k(j)?
13
Let a = -5 + 7. Suppose a*r + 6 = -j, 3*r + r = 4. List the prime factors of 7*(2 + j/(-14)).
2, 3
Let z(n) = 1091*n**2 + 5*n + 3. What are the prime factors of z(-1)?
3, 11
Suppose 3*u = 0, -12*q = -8*q - 3*u - 500. What are the prime factors of q?
5
Suppose -k + 1234 = 2*k + 2*g, 4*k + 4*g = 1652. What are the prime factors of k?
2, 3, 17
Suppose -2 = -2*k + 22. Suppose 0 = -8*i + 2*i + k. What are the prime factors of i*(-1)/(-2)*2?
2
Suppose 6*i = -5*i + 17831. List the prime factors of i.
1621
Suppose 7 + 35 = 7*y. Suppose -y*t - 64 = -880. List the prime factors of t.
2, 17
Suppose 0 = 2*u + 3*m - 878, -873 = -2*u - 4*m + 9. List the prime factors of u.
433
Let m(f) = -11*f - 7. Let u be m(-3). Suppose -4*h = u - 178. What are the prime factors of h?
2, 19
Let t(x) = x + 13. Let g be t(-9). Suppose d - g = 38. What are the prime factors of d?
2, 3, 7
Let g(t) = t**3 + 33*t**2 + 2*t + 70. Let d be g(-33). Let r be (0/1 - -30) + -1. Suppose d*b + 30 = 2*y, 4*y - 16 = 3*b + r. What are the prime factors of y?
3
What are the prime factors of ((-45663)/(